he prime factors of 1028.
2, 257
List the prime factors of 12040.
2, 5, 7, 43
What are the prime factors of 8996?
2, 13, 173
List the prime factors of 64.
2
List the prime factors of 29.
29
What are the prime factors of 24184?
2, 3023
What are the prime factors of 12375?
3, 5, 11
List the prime factors of 64884.
2, 3, 5407
List the prime factors of 17484.
2, 3, 31, 47
List the prime factors of 54872.
2, 19
What are the prime factors of 3212?
2, 11, 73
What are the prime factors of 9945?
3, 5, 13, 17
What are the prime factors of 165005?
5, 61, 541
List the prime factors of 1690.
2, 5, 13
List the prime factors of 228.
2, 3, 19
What are the prime factors of 4902?
2, 3, 19, 43
List the prime factors of 3374.
2, 7, 241
What are the prime factors of 1275?
3, 5, 17
List the prime factors of 3145.
5, 17, 37
List the prime factors of 332.
2, 83
What are the prime factors of 3002?
2, 19, 79
List the prime factors of 78750.
2, 3, 5, 7
List the prime factors of 4291.
7, 613
What are the prime factors of 16364?
2, 4091
What are the prime factors of 4642?
2, 11, 211
What are the prime factors of 563?
563
List the prime factors of 545.
5, 109
What are the prime factors of 47851?
109, 439
List the prime factors of 1153.
1153
What are the prime factors of 35141?
35141
What are the prime factors of 48920?
2, 5, 1223
What are the prime factors of 32888?
2, 4111
What are the prime factors of 5564?
2, 13, 107
List the prime factors of 3611.
23, 157
What are the prime factors of 64565?
5, 37, 349
List the prime factors of 1493.
1493
What are the prime factors of 2592?
2, 3
List the prime factors of 168141.
3, 41, 1367
List the prime factors of 937.
937
List the prime factors of 1372.
2, 7
List the prime factors of 9862.
2, 4931
What are the prime factors of 14600?
2, 5, 73
What are the prime factors of 4281?
3, 1427
List the prime factors of 722.
2, 19
List the prime factors of 133072.
2, 8317
What are the prime factors of 183?
3, 61
What are the prime factors of 273?
3, 7, 13
What are the prime factors of 5794?
2, 2897
What are the prime factors of 1677?
3, 13, 43
What are the prime factors of 2907?
3, 17, 19
List the prime factors of 1179.
3, 131
What are the prime factors of 130767?
3, 7, 13, 479
What are the prime factors of 37349?
13, 17
List the prime factors of 9185.
5, 11, 167
What are the prime factors of 1358?
2, 7, 97
List the prime factors of 4353.
3, 1451
What are the prime factors of 3544?
2, 443
List the prime factors of 36464.
2, 43, 53
What are the prime factors of 70?
2, 5, 7
List the prime factors of 500.
2, 5
List the prime factors of 6422.
2, 13, 19
List the prime factors of 12543.
3, 37, 113
List the prime factors of 4083.
3, 1361
What are the prime factors of 4277?
7, 13, 47
List the prime factors of 44145.
3, 5, 109
What are the prime factors of 1856?
2, 29
What are the prime factors of 28271?
17, 1663
List the prime factors of 3555.
3, 5, 79
List the prime factors of 9132.
2, 3, 761
List the prime factors of 27777.
3, 47, 197
What are the prime factors of 9683?
23, 421
What are the prime factors of 33485?
5, 37, 181
What are the prime factors of 8202?
2, 3, 1367
What are the prime factors of 1325?
5, 53
What are the prime factors of 5781?
3, 41, 47
List the prime factors of 229.
229
What are the prime factors of 255?
3, 5, 17
What are the prime factors of 5763?
3, 17, 113
What are the prime factors of 8913?
3, 2971
What are the prime factors of 937?
937
What are the prime factors of 2286?
2, 3, 127
List the prime factors of 25.
5
What are the prime factors of 1508?
2, 13, 29
List the prime factors of 14070.
2, 3, 5, 7, 67
What are the prime factors of 2735?
5, 547
What are the prime factors of 151018?
2, 7, 23, 67
List the prime factors of 905.
5, 181
What are the prime factors of 563?
563
List the prime factors of 19099.
71, 269
What are the prime factors of 1325?
5, 53
List the prime factors of 6018.
2, 3, 17, 59
What are the prime factors of 30019?
11, 2729
What are the prime factors of 921?
3, 307
List the prime factors of 20295.
3, 5, 11, 41
What are the prime factors of 2765?
5, 7, 79
List the prime factors of 11398.
2, 41, 139
List the prime factors of 2751.
3, 7, 131
List the prime factors of 46290.
2, 3, 5, 1543
What are the prime factors of 5102?
2, 2551
What are the prime factors of 3451?
7, 17, 29
List the prime factors of 3092.
2, 773
What are the prime factors of 469?
7, 67
What are the prime factors of 915?
3, 5, 61
What are the prime factors of 54990?
2, 3, 5, 13, 47
What are the prime factors of 13501?
23, 587
List the prime factors of 9649.
9649
List the prime factors of 1670.
2, 5, 167
What are the prime factors of 1322?
2, 661
What are the prime factors of 24982?
2, 12491
List the prime factors of 38803.
38803
What are the prime factors of 35890?
2, 5, 37, 97
What are the prime factors of 3058?
2, 11, 139
List the prime factors of 2812.
2, 19, 37
What are the prime factors of 37493?
37493
What are the prime factors of 313?
313
What are the prime factors of 16903?
16903
List the prime factors of 32182.
2, 16091
What are the prime factors of 5633?
43, 131
What are the prime factors of 48111?
3, 7, 29, 79
What are the prime factors of 9929?
9929
List the prime factors of 1506.
2, 3, 251
List the prime factors of 3810.
2, 3, 5, 127
What are the prime factors of 53197?
53197
What are the prime factors of 3849?
3, 1283
List the prime factors of 13245.
3, 5, 883
List the prime factors of 5829.
3, 29, 67
What are the prime factors of 1965?
3, 5, 131
List the prime factors of 13270.
2, 5, 1327
List the prime factors of 63446.
2, 31723
What are the prime factors of 5132?
2, 1283
List the prime factors of 3248.
2, 7, 29
List the prime factors of 7829.
7829
What are the prime factors of 339?
3, 113
What are the prime factors of 78353?
11, 17, 419
What are the prime factors of 220?
2, 5, 11
List the prime factors of 11714.
2, 5857
What are the prime factors of 52105?
5, 17, 613
What are the prime factors of 942?
2, 3, 157
List the prime factors of 5872.
2, 367
List the prime factors of 22037.
22037
List the prime factors of 48946.
2, 24473
List the prime factors of 44668.
2, 13, 859
What are the prime factors of 4652?
2, 1163
List the prime factors of 2986.
2, 1493
What are the prime factors of 19415?
5, 11, 353
List the prime factors of 78718.
2, 39359
What are the prime factors of 4044?
2, 3, 337
What are the prime factors of 405?
3, 5
What are the prime factors of 14257?
53, 269
List the prime factors of 77010.
2, 3, 5, 17, 151
What are the prime factors of 5343?
3, 13, 137
List the prime factors of 57190.
2, 5, 7, 19, 43
What are the prime factors of 593?
593
List the prime factors of 140049.
3, 7, 13, 19
What are the prime factors of 7174?
2, 17, 211
What are the prime factors of 2970?
2, 3, 5, 11
List the prime factors of 1732.
2, 433
List the prime factors of 5499.
3, 13, 47
List the prime factors of 12163.
12163
What are the prime factors of 7669?
7669
List the prime factors of 561.
3, 11, 17
What are the prime factors of 306?
2, 3, 17
What are the prime factors of 5973?
3, 11, 181
List the prime factors of 11159.
11159
What are the prime factors of 3822?
2, 3, 7, 13
What are the prime factors of 19324?
2, 4831
What are the prime factors of 55035?
3, 5, 1223
List the prime factors of 3589.
37, 97
What are the prime factors of 2247?
3, 7, 107
List the prime factors of 457.
457
What are the prime factors of 599?
599
What are the prime factors of 99063?
3, 1223
List the prime factors of 1655.
5, 331
List the prime factors of 4654.
2, 13, 179
List the prime factors of 1713.
3, 571
What are the prime factors of 9979?
17, 587
List the prime factors of 33973.
53, 641
What are the prime factors of 6096?
2, 3, 127
What are the prime factors of 7045?
5, 1409
What are the prime factors of 2190?
2, 3, 5, 73
What are the prime factors of 176?
2, 11
List the prime factors of 4789.
4789
What are the prime factors of 2247?
3, 7, 107
What are the prime factors of 6230?
2, 5, 7, 89
What are the prime factors of 298?
2, 149
What are the prime factors of 7908?
2, 3, 659
List the prime factors of 1845.
3, 5, 41
What are the prime factors of 6865?
5, 1373
List the prime factors of 14748.
2, 3, 1229
List the prime factors of 39300.
2, 3, 5, 